r?
False
Is 4570577093 a composite number?
True
Is 10495425799 a prime number?
True
Is 130608403 a prime number?
True
Is 1081832833 prime?
True
Is 59711653891 a prime number?
False
Is 276675852181 composite?
True
Is 502194383 a composite number?
False
Is 636999203 a prime number?
True
Is 92912791 prime?
False
Is 33811056479 composite?
True
Is 1930856881 a prime number?
True
Is 32379750691 composite?
True
Is 525204733 a prime number?
False
Is 906484913 prime?
True
Is 2270152949 a prime number?
True
Is 229934339 composite?
False
Is 123367023046 a prime number?
False
Is 1792965157 prime?
True
Is 15231347477 composite?
True
Is 145924840777 a prime number?
True
Is 9496944793 a composite number?
True
Is 33490067 a prime number?
False
Is 9567139709 prime?
False
Is 89465675639 prime?
False
Is 138528821 a prime number?
False
Is 1281229903 prime?
False
Is 129339901 prime?
False
Is 16305549299 a composite number?
True
Is 6769974454 a composite number?
True
Is 2475718169 composite?
True
Is 13419661763 composite?
False
Is 1106097257 prime?
True
Is 3304186903 a prime number?
False
Is 2422168159 composite?
True
Is 5237549349 a composite number?
True
Is 743087393 a composite number?
True
Is 43312847815 prime?
False
Is 11908892503 a prime number?
True
Is 216983547163 composite?
False
Is 5068776641 composite?
True
Is 16619388677 prime?
True
Is 2648613917 a composite number?
True
Is 12728742769 a prime number?
True
Is 28949177483 prime?
True
Is 865365719 a prime number?
False
Is 1153981559 composite?
False
Is 184598773 composite?
False
Is 132652447 prime?
False
Is 60366252785 composite?
True
Is 2324384563 a composite number?
False
Is 995500939 a composite number?
False
Is 21738041033 a composite number?
False
Is 21155981191 composite?
False
Is 33294698357 a composite number?
False
Is 345809447 composite?
True
Is 101209679887 a prime number?
True
Is 9571845553 a composite number?
False
Is 16358861977 prime?
True
Is 20924473523 composite?
True
Is 1992924331 a composite number?
True
Is 41142891733 prime?
False
Is 3665784543 a prime number?
False
Is 68804161 a composite number?
False
Is 2067897203 composite?
False
Is 30969381977 prime?
False
Is 165204621091 prime?
True
Is 3845261047 a composite number?
True
Is 8822866867 a prime number?
False
Is 6168962477 composite?
True
Is 16639637141 a composite number?
False
Is 17245715939 a prime number?
True
Is 443483837 composite?
True
Is 777471689 composite?
True
Is 3734743513 composite?
True
Is 65613934697 composite?
True
Is 24327969461 a composite number?
False
Is 187561837 composite?
True
Is 13693248599 a composite number?
True
Is 18755021587 prime?
True
Is 25687888531 a composite number?
False
Is 3096315127 a prime number?
True
Is 1886643466 a composite number?
True
Is 2716151233 composite?
False
Is 13817187623 a composite number?
True
Is 39538907279 composite?
False
Is 94886735 composite?
True
Is 58063549 composite?
True
Is 6495500177 a composite number?
False
Is 10483853903 a composite number?
False
Is 139041613 a prime number?
False
Is 187384333 prime?
True
Is 4614022549 composite?
False
Is 14902022063 composite?
True
Is 163835479 a composite number?
False
Is 45360124129 prime?
True
Is 92461583 composite?
True
Is 1847397389 a prime number?
True
Is 1312943327 a composite number?
False
Is 8935674743 composite?
False
Is 42085639 a composite number?
True
Is 2018475391 prime?
True
Is 18530345663 a prime number?
False
Is 142123956127 a composite number?
True
Is 16718153233 prime?
True
Is 146746195 prime?
False
Is 876944513 a prime number?
True
Is 603601003 a composite number?
False
Is 7444882681 a prime number?
True
Is 665481683 a composite number?
False
Is 8844354206 a prime number?
False
Is 5455014353 a composite number?
False
Is 883580419 a composite number?
False
Is 1389649711 a prime number?
True
Is 561254450819 prime?
True
Is 257090957 a prime number?
False
Is 18918209809 composite?
True
Is 4798987097 a composite number?
True
Is 133062924941 prime?
False
Is 854563777 prime?
False
Is 74032575871 a prime number?
True
Is 1380842171 prime?
False
Is 807305465 prime?
False
Is 985878791 prime?
False
Is 9185883739 a composite number?
False
Is 55244037047 a composite number?
False
Is 51932004503 a composite number?
True
Is 545761049 prime?
True
Is 12678580958 composite?
True
Is 1119309419 a composite number?
True
Is 16277785547 composite?
True
Is 1466112253 a composite number?
True
Is 1448657481 a composite number?
True
Is 406436461 a prime number?
False
Is 8013278342 a prime number?
False
Is 31886490451 prime?
False
Is 69369155071 composite?
True
Is 154387789 prime?
True
Is 19792435417 composite?
True
Is 586295363 composite?
False
Is 24026070337 prime?
False
Is 14383441393 prime?
False
Is 296960819 prime?
True
Is 3109083503 composite?
True
Is 305394389 a composite number?
True
Is 855034891 prime?
False
Is 41043007 prime?
False
Is 17098967083 prime?
False
Is 20761766731 prime?
True
Is 1491052253 composite?
False
Is 14090954677 prime?
False
Is 3405547819 prime?
True
Is 728915053 composite?
False
Is 29538407597 a composite number?
False
Is 5390027657 a composite number?
True
Is 12281384767 a prime number?
False
Is 1164598987 prime?
True
Is 1168832458 composite?
True
Is 14138081273 composite?
False
Is 1263253885 a prime number?
False
Is 3218165693 prime?
True
Is 16936707131 composite?
False
Is 150569774 composite?
True
Is 2410874407 composite?
True
Is 16319549399 composite?
True
Is 46580461 prime?
True
Is 96612017 a composite number?
True
Is 498414641 composite?
True
Is 1102300897 a prime number?
True
Is 683949857 a prime number?
True
Is 537178657 composite?
True
Is 6875167427 a prime number?
True
Is 645557197 a prime number?
False
Is 336078298477 prime?
True
Is 6098829389 prime?
True
Is 2355938633 a prime number?
True
Is 3306585883 a prime number?
False
Is 99457866061 a prime number?
False
Is 544844543 a prime number?
False
Is 901669297 a composite number?
False
Is 4005771643 a composite number?
True
Is 367455169 a composite number?
False
Is 10559443057 a prime number?
True
Is 730805701 composite?
True
Is 64478031797 prime?
False
Is 1673459431 prime?
False
Is 54939632767 a prime number?
True
Is 8183805969 a prime number?
False
Is 590253583 a prime number?
False
Is 1209699317 prime?
True
Is 1145547707 a prime number?
True
Is 9820323727 a composite number?
False
Is 18832082 prime?
False
Is 19997864143 a composite number?
False
Is 2318140159 a prime number?
True
Is 7062573943 composite?
True
Is 335996524813 a prime number?
False
Is 923191691 a composite number?
False
Is 2769424597 composite?
False
Is 12237283 a prime number?
False
Is 4821330226 composite?
True
Is 265603729 composite?
True
Is 8520229954 a prime number?
False
Is 69526079951 a composite number?
True
Is 5171435741 composite?
False
Is 1975927543 a composite number?
False
Is 13421368799 a prime number?
True
Is 15898026179 prime?
False
Is 3038485139 composite?
False
Is 50176910257 prime?
False
Is 4603015763 a composite number?
False
Is 2479745563 a prime number?
False
Is 111710878027 prime?
False
Is 908380513 prime?
True
Is 4566294199 a prime number?
True
Is 392332589 composite?
True
Is 671344143 composite?
True
Is 4400224007 prime?
False
Is 269082841 composite?
False
Is 9507635957 prime?
True
Is 11910809 a composite number?
False
Is 1643008111 composite?
True
Is 4392784463 a composite number?
False
Is 16536201343 a prime number?
False
Is 109167427389 prime?
False
Is 54840059 a composite number?
False
Is 9394649153 a composite number?
False
Is 103931203 a composite number?
False
Is 2327213179 composite?
True
Is 1612544611 a prime number?
False
Is 2328813701 prime?
True
Is 16294938839 prime?
False
Is 50602085909 prime?
False
Is 4133047273 composite?
False
Is 501880319 a composite number?
False
Is 10309263931 a prime number?
False
Is 27456862813 a composite number?
False
Is 2834315167 prime?
False
Is 39301993103 composite?
False
Is 69359491653 a prime number?
False
Is 3334678981 a prime number?
True
Is 761577477 a prime number?
False
Is 5058708997 a prime number?
True
Is 937670243 composite?
True
Is 1702010771 a composite number?
False
Is 1202863061 prime?
True
Is 4164280117 composite?
False
Is 28577999809 a composite number?
True
Is 791516293 a composite number?
False